divided by h?
20
Calculate the remainder when 21 is divided by 10 + (3/6)/((-5)/10).
3
Let y(t) = t - 1. Calculate the remainder when 299 is divided by y(11).
9
Suppose -2*m - 2 = -5*j, 5*j + 3 = -0*m - 3*m. Suppose j*g + 15 = 3*g. Suppose t - 4*h + 2 = 4, 0 = g*h. What is the remainder when 5 is divided by t?
1
Let b(x) = -x**3 - 4*x**2 - x - 17. Let a be b(-7). Suppose 3*w - a = 133. Calculate the remainder when w is divided by 23.
21
Suppose -4*g + 124 = -76. Let b(p) = 2*p + 2 - 5*p**2 + 9*p**2 - 5. Calculate the remainder when g is divided by b(2).
16
Let g = 421 + -279. Calculate the remainder when g is divided by 24.
22
Let x(t) = 10*t**2 + 13*t. Calculate the remainder when x(-4) is divided by 14.
10
Suppose -11*t + t = -360. Calculate the remainder when t is divided by (-59)/(-3) + (-14)/21.
17
What is the remainder when (-4)/(-34) + (-5 - (-8778)/238) is divided by (-6)/9 + 106/6?
15
Suppose -l = -4*u - 19, -2*l + 2 + 32 = -4*u. Suppose -l = 5*x, 0 = -5*b + 2*x - x - 627. What is the remainder when b/8*56/(-21) is divided by 15?
12
Calculate the remainder when (-1)/((-616)/(-312) + -2) is divided by 7.
4
Let q(o) = 2*o**2 - o - 6. Calculate the remainder when 82 is divided by q(4).
16
Let h = -395 + 400. Calculate the remainder when 33 is divided by h.
3
Calculate the remainder when (-2)/(-8) + 3825/12 is divided by 16.
15
Suppose -6*r - 77 - 91 = 0. Let g = r + 37. Calculate the remainder when g is divided by 3.
0
Suppose 14 = -5*m + 54. Let x = -82 + 55. Let n = 3 - x. What is the remainder when n is divided by m?
6
Let u be 0/(-5 + 10 - 4). Suppose 2*s - 88 = -2*p, u = p - 3*p - 4*s + 86. What is the remainder when p is divided by 16?
13
Suppose -5*k = -t + 93, 5*t - 279 = 2*t + k. Let f = t - 26. What is the remainder when f is divided by 17?
16
Let z be 4/8*12*1. Let d(f) = 6*f - 9. Calculate the remainder when 49 is divided by d(z).
22
Suppose 0 = 86*b - 70*b - 2096. What is the remainder when b is divided by 31?
7
Suppose -10*s + 40 = g - 15*s, 0 = 3*g - s - 50. What is the remainder when 21 is divided by g?
6
Calculate the remainder when 62 is divided by 3*13 + 4/((-24)/30).
28
Let b(n) = -n**2 - n + 47. Let d be b(0). Suppose w - 11 = -t, -4*t + w = 2*w - d. Calculate the remainder when 636/28 - (-2)/7 is divided by t.
11
Suppose -126 = -11*w + 8*w. Calculate the remainder when w is divided by 4.
2
Suppose 1 = 5*b + 6, 4*t = 4*b + 120. What is the remainder when 140 is divided by t?
24
Let s(w) = 9*w - 18. Let o be s(4). Suppose 6 = 3*y + l, 0*y + 5*l = y - o. Let k = 6 + 2. Calculate the remainder when k is divided by y.
2
Let a = 25 + -12. Let d = 17 - a. Let t = d + 7. What is the remainder when 53 is divided by t?
9
Let m(z) = z + 2. Let q be m(0). Let h(o) = 4*o - o + 2*o - 12 - q. What is the remainder when 61 is divided by h(6)?
13
Suppose -2*w + 3*k + 6 = 1, -25 = -5*w - 5*k. Let v be (-2)/w + (-7)/14. Calculate the remainder when (0/(-4))/v + 63 is divided by 33.
30
Let c(i) = 5*i**2 - 2*i - 1. Let a be c(-1). Suppose -20 = -5*z + 3*x, -a*x = -2*z - x - 11. Let y = -19 - -30. What is the remainder when y is divided by z?
4
Let z(w) = w**3 - 10*w**2 + 5*w - 20. What is the remainder when z(10) is divided by 27?
3
Suppose 11*s - 8*s + 243 = 0. Let q = s - -158. Calculate the remainder when q is divided by 40.
37
Suppose -5*j = 4*p - 85, 0 = -5*p + 2*j + 77 - 12. What is the remainder when 42 is divided by p?
12
Let t(z) = 65*z + 218. Calculate the remainder when t(22) is divided by 59.
55
Suppose -4*w - 9 = -w. Let o be ((-15)/w)/1 + -2. Suppose -57 = -3*f + 5*d, 0 = 3*f + 4*d - o*d - 39. What is the remainder when 41 is divided by f?
13
Let n(d) = 2*d**2 - 3*d - 3. Let h be n(-1). What is the remainder when h - (-423)/15 - (-2)/(-10) is divided by (-69)/(-9) - 2/(-6)?
6
Suppose 2*u = -3 + 9. Suppose 16 - 40 = u*q. Calculate the remainder when 2 is divided by (-2)/(-3)*(-12)/q.
0
Let p(b) = b**3 + 26*b**2 + 160*b + 5. Calculate the remainder when p(-14) is divided by (3/(-6))/(1/(-48)).
21
Suppose 0 = 49*f - 53*f - 4*m + 1536, -3*f - 5*m = -1142. What is the remainder when f is divided by 6?
5
Suppose z - 5*z = -68. Suppose 0*c + 2*c = 0. Suppose c = -4*h + 26 - 6. Calculate the remainder when z is divided by h.
2
Let v be (-1)/(2 - 29/14) + 1. Suppose 4*a = -5*c + 3*a + 30, 0 = 3*a - v. Calculate the remainder when 9 is divided by c.
4
Let z = 1356 - 987. What is the remainder when z is divided by 37?
36
Calculate the remainder when (-160360)/(-1064) + (-4)/(-14) is divided by 75.
1
Let a = 4965 + -4901. Let k(j) = 2*j**2 - 5*j - 1. Calculate the remainder when a is divided by k(4).
9
Suppose 5*c = 6*c + 3*k - 124, -2*k = c - 119. Calculate the remainder when c is divided by 22.
21
Suppose -n = -5*i - 34, -n - 3*i = -i - 55. Let a(l) = l**2 - 3*l. Calculate the remainder when (n/(-3))/((-14)/6 - -2) is divided by a(5).
9
Let w(u) = 7*u**2 + 2*u - 10. Let n = 60 - 58. Calculate the remainder when 87 is divided by w(n).
21
Calculate the remainder when 365 is divided by (-14)/63*-159*6/4.
47
Let u(z) = z**3 - 5*z**2 - 22. What is the remainder when 53 is divided by u(6)?
11
Let a = 3 + -4. Let u = 14 - a. Suppose r + 2*r = 84. Calculate the remainder when r is divided by u.
13
Let d = -240 + 253. What is the remainder when 26 is divided by d?
0
Suppose 11*w - 14*w = -15. Suppose -w*c = -313 + 13. Calculate the remainder when c is divided by 26.
8
Let v = -39 + 49. Suppose i + 3 = 0, 2*o + 2*i - v = -2*i. Calculate the remainder when 28 is divided by o.
6
Suppose 13 = 2*n - 3. Suppose 5*l = -2*h + 24, -2*h = -1 - 3. Suppose 0 = 3*t + l*k - 9, 2*t - 4*k - 8 = -2. What is the remainder when n is divided by t?
2
Suppose -h = x - 39, 2*h - 90 = -7*x + 11*x. Calculate the remainder when h is divided by 12.
5
Suppose -333 = -5*h - 2*i, 134 = -3*h + 5*h + i. Suppose 24 + 44 = 4*c. What is the remainder when h is divided by c?
14
Let y(k) = -k**3 - k**2 - k + 3. Let c be y(0). Suppose 29 = c*b + 77. Let v = 26 + b. Calculate the remainder when 28 is divided by v.
8
Let t(f) = -14*f - 37. Suppose 0 = 8*o + 63 - 167. What is the remainder when t(-7) is divided by o?
9
Let l(c) = c**2 - 30*c + 46. What is the remainder when 301 is divided by l(29)?
12
Suppose -420 = -5*p - 2*g, -g = -6*g. What is the remainder when p is divided by (-6)/(-60)*34*5?
16
Suppose -3*g = 18*g - 735. Suppose 3 = i, 4*n - 2*n - 133 = i. Calculate the remainder when n is divided by g.
33
Suppose -37*y = -21*y - 240. Let k = 0 - -3. Suppose -116 = -4*z - 4*m, -62 = -2*z + k*m - 14. What is the remainder when z is divided by y?
12
Let x(l) = -l**3 + 12*l**2 + 10. What is the remainder when 10/4*136/10 is divided by x(12)?
4
Suppose 16*m - 3 = 557. What is the remainder when 67 is divided by m?
32
Suppose 0 = -0*n - 3*n + 4*o + 10, 3*o = -n + 12. Suppose n*k - 36 = 5*k. What is the remainder when 105 is divided by k?
33
Suppose 0 = -3*j + 6, n - 4*j = 1 - 0. Let h be ((-459)/102)/(3/20). What is the remainder when (n/5)/(h/(-200)) is divided by 8?
4
Let y(k) be the third derivative of k**5/60 - k**3 + 3*k**2. What is the remainder when 26 is divided by y(3)?
2
Let k(d) = d + 6. Suppose 56 = -t + 5*t. Suppose -t = -z - z. Calculate the remainder when 47 is divided by k(z).
8
Calculate the remainder when 24 is divided by 2*4*(0 + 4/8).
0
Suppose -3*g = -15, -3*g + 27 = 3*n + 6. Suppose -n*i + 6 = 0, -y + 2*i + 51 = 4*i. Suppose 4*d - 67 = y. Calculate the remainder when 81 is divided by d.
25
Let m(h) = h**3 - 6*h**2 + 8*h + 15. What is the remainder when 387 is divided by m(5)?
27
What is the remainder when 149 is divided by (-74)/(-1) - (-19 + 18)?
74
Let o = 606 - 585. What is the remainder when 176 is divided by o?
8
Let v(g) be the first derivative of -g**3/3 + 9*g**2/2 - 13*g + 3. What is the remainder when 14 is divided by v(5)?
0
Suppose 3*s + o - 6 = -2*o, 22 = 5*s + o. Suppose -s*n + l = -71, -2*n - l - 29 = -4*n. What is the remainder when 41 is divided by n?
13
Let s(n) = n**3 + 6*n**2 - 4*n + 10. Let b be s(-7). Let x = 16 + b. Suppose 10 = w + x. What is the remainder when 19 is divided by w?
4
Suppose 5*j + 83 = 248. Suppose -2*l + 3*k + j = l, -l + 31 = 4*k. Suppose l - 37 = -n. What is the remainder when n is divided by 8?
6
Suppose -4*d - 